 - 1111?
1110011
In base 10, what is -233297 + 12?
-233285
In base 16, what is 6a + 148?
1b2
In base 11, what is 1776386 - -5?
1776390
In base 11, what is 4 - -601276?
60127a
In base 14, what is -1c6cb + -c?
-1c6d9
In base 2, what is 100010001011 + 1001001100?
101011010111
In base 10, what is 10465 + -20?
10445
In base 15, what is d2 - -26cb?
27ad
In base 7, what is 21 + 134401?
134422
In base 13, what is 28c - 1381?
-10c2
In base 6, what is 405533 - -125?
410102
In base 15, what is 8 + -1295?
-128c
In base 2, what is -10110101 - -100000110?
1010001
In base 13, what is -24415 - -1?
-24414
In base 12, what is a12 - 477?
557
In base 7, what is 1264 + 0?
1264
In base 11, what is 11 + 72a1?
7302
In base 11, what is 112 - -34?
146
In base 12, what is -77 - -23a?
183
In base 8, what is 170120 + 44?
170164
In base 12, what is -2253 + -5?
-2258
In base 2, what is 10010001010100 + -100?
10010001010000
In base 9, what is -4310 + 83?
-4216
In base 7, what is 105313 - -53?
105366
In base 6, what is 433421 + -1?
433420
In base 2, what is -100 + 10011110101101?
10011110101001
In base 5, what is 1303 + -1010?
243
In base 8, what is 34 + -276?
-242
In base 4, what is -12311300010 + -1?
-12311300011
In base 13, what is 1 - -1271c8?
1271c9
In base 8, what is -4 + 571?
565
In base 7, what is 2053406 + -4?
2053402
In base 16, what is 765a - -4e?
76a8
In base 11, what is 2 - -2678?
267a
In base 2, what is -110100100101110 + -1100001?
-110100110001111
In base 9, what is 160277 + -1?
160276
In base 3, what is -12 - 20012112211?
-20012120000
In base 14, what is -d4 - -1d2?
dc
In base 16, what is -2150 - 2?
-2152
In base 3, what is 12111002102100 - 0?
12111002102100
In base 10, what is 3 - -3738?
3741
In base 4, what is 32100331 - 22?
32100303
In base 9, what is -1433 + 153?
-1270
In base 5, what is 1440144444 - 0?
1440144444
In base 11, what is -a044a - 5?
-a0454
In base 2, what is -110111111 - -10001000?
-100110111
In base 13, what is -3 + 6a7c?
6a79
In base 5, what is 404340 + -121?
404214
In base 11, what is -202 + -213?
-415
In base 14, what is -426 - 36?
-45c
In base 4, what is -12231 + -1021?
-13312
In base 9, what is 665 - 380?
275
In base 7, what is 6043610 - -12?
6043622
In base 8, what is -4 + 24424?
24420
In base 13, what is 2 - 9064?
-9062
In base 12, what is 73 - 25?
4a
In base 4, what is -1230 - -123101?
121211
In base 7, what is -64215 - -32?
-64153
In base 16, what is -16add + -8?
-16ae5
In base 9, what is 41 - -61?
112
In base 8, what is -1113 + 32?
-1061
In base 14, what is 65d43 - -2?
65d45
In base 13, what is 1009 + 177?
1183
In base 15, what is 13 + -a81?
-a6d
In base 8, what is 556 - 3235?
-2457
In base 7, what is 153 - -245?
431
In base 7, what is -12254 - -4?
-12250
In base 13, what is c06 + 1c?
c25
In base 13, what is -1 + -598?
-599
In base 10, what is 2 + 145?
147
In base 15, what is -4 - -1e16a?
1e166
In base 12, what is 65 - -16a?
213
In base 2, what is 10101010010001001011 + 0?
10101010010001001011
In base 3, what is -12 + -102001012?
-102001101
In base 5, what is 42010 + -214?
41241
In base 2, what is 100 + 1001111?
1010011
In base 11, what is -392 + -78?
-45a
In base 10, what is -229496 + -10?
-229506
In base 2, what is -100 + -101000010010001010?
-101000010010001110
In base 5, what is -2 - -244132?
244130
In base 7, what is 36621 + 1?
36622
In base 7, what is -100325 - 12?
-100340
In base 13, what is 77 - 241?
-197
In base 7, what is 0 - 244?
-244
In base 12, what is -2 - 5334?
-5336
In base 7, what is -342650 + 1?
-342646
In base 15, what is 340 + 5de?
92e
In base 2, what is -10101010011100111110 + -101?
-10101010011101000011
In base 6, what is -10 + -2043002?
-2043012
In base 10, what is -1 - -125100?
125099
In base 11, what is 3a5029 + -1?
3a5028
In base 5, what is -111101210 - 10?
-111101220
In base 10, what is -1380 + -10?
-1390
In base 7, what is -5005364 + 13?
-5005351
In base 4, what is 10 - -322331?
323001
In base 4, what is 3 - 302112301?
-302112232
In base 5, what is 10 - 2031040?
-2031030
In base 10, what is -3 + 292802?
292799
In base 3, what is 2210100 + 1122?
2211222
In base 3, what is 122212 + -12012211?
-11112222
In base 4, what is 1 + -213003321?
-213003320
In base 5, what is 12200324 + -1?
12200323
In base 11, what is -3a - 24755?
-24794
In base 12, what is 1 - -9b4b3?
9b4b4
In base 9, what is -45773 - 6?
-45780
In base 10, what is 3 + 19872?
19875
In base 11, what is -5118 + -25?
-5142
In base 15, what is 8015 - -a?
8020
In base 8, what is 5 + -42231?
-42224
In base 2, what is -11010010010 + 1111?
-11010000011
In base 6, what is -10 - 145550?
-150000
In base 11, what is -1954938 + -3?
-1954940
In base 8, what is -4 + -241623?
-241627
In base 13, what is -2 - -1b6c83?
1b6c81
In base 7, what is -2 + 21545?
21543
In base 9, what is 5823 - -30?
5853
In base 9, what is -5 - -104023?
104017
In base 13, what is -3a - -736?
6c9
In base 7, what is 1066540 + -3?
1066534
In base 15, what is 34e7 + 10?
3507
In base 2, what is 1001 - -100110011011101?
100110011100110
In base 7, what is 35211206 + -2?
35211204
In base 14, what is 0 - 275cd?
-275cd
In base 6, what is 504 - -20324?
21232
In base 10, what is -1 - -44545?
44544
In base 15, what is 194bb + 3?
194be
In base 16, what is 10f8 - 2?
10f6
In base 6, what is -120232054 - 4?
-120232102
In base 12, what is -548 + -24?
-570
In base 9, what is -6553 + 252?
-6301
In base 9, what is -10 - 1764?
-1774
In base 3, what is 220012 + 20210?
1010222
In base 10, what is 122395 - 0?
122395
In base 6, what is 2 - 13120?
-13114
In base 7, what is 32 - 2443?
-2411
In base 7, what is -1330 - 634?
-2264
In base 8, what is -4607 - -13?
-4574
In base 13, what is -2c518 + 0?
-2c518
In base 9, what is 150830 + 5?
150835
In base 12, what is -105 + -37?
-140
In base 13, what is 17b + 463c?
47ba
In base 9, what is 340 + -183?
146
In base 2, what is -101000000101 + -11100?
-101000100001
In base 13, what is 888 + 21?
8a9
In base 6, what is -1 - 202010?
-202011
In base 2, what is 111011010010110 + -100?
111011010010010
In base 15, what is -12b98 - 0?
-12b98
In base 12, what is -14630 + -3a?
-1466a
In base 11, what is -4743 + 16?
-4728
In base 13, what is a67 + -31?
a36
In base 9, what is -10 - -638303?
638283
In base 5, what is -12 - 1014410?
-1014422
In base 12, what is 1 - 42025?
-42024
In base 16, what is 5d21 + 55?
5d76
In base 15, what is -b1 - 261?
-322
In base 15, what is 389 + c5?
45e
In base 7, what is 0 - 246445?
-246445
In base 16, what is 1 - -1afa?
1afb
In base 4, what is -3 + 12321321?
12321312
In base 12, what is 5b - -50b5?
5154
In base 12, what is 0 - 94207?
-94207
In base 13, what is -2c0abb + 5?
-2c0ab6
In base 9, what is -687 + -3644?
-4442
In base 12, what is -62 - 2732?
-2794
In base 4, what is 1311 - -1132?
3103
In base 6, what is -13150043 - 3?
-13150050
In base 3, what is 12 - -1110001121?
1110001210
In base 2, what is -100011001010100 + 100?
-100011001010000
In base 3, what is -1 - 1121102210?
-1121102211
In base 14, what is -5 + -1228?
-122d
In base 7, what is -100112 + -2?
-100114
In base 4, what is -3 + 212011?
212002
In base 10, what is 7 - 38901?
-38894
In base 12, what is 8 + -28762?
-28756
In base 7, what is 225410 + -31?
225346
In base 9, what is 2502 - 35?
2456
In base 11, what is 2 - 85198?
-85196
In base 12, what is 5 - 2251?
-2248
In base 16, what is -a - 5e3?
-5ed
In base 16, what is 2a67f1 + 4?
2a67f5
In base 10, what is 2 + 33216?
33218
In base 16, what is -4 - 45507?
-4550b
In base 11, what is 4 + 10a4?
10a8
In base 15, what is 5 + 18799?
1879e
In base 16, what is 1 + 301e?
301f
In base 4, what is -1 + -2300?
-2301
In base 4, what is 123123002 - 0?
123123002
In base 7, what is -1505161 - -2?
-1505156
In base 6, what is 244214 + -5?
244205
In base 6, what is -33 - -222?
145
In base 13, what is 4 - -2474b?
24752
In base 3, what is -212200100 - -12000?
-212111100
In base 3, what is -10 - -101102?
101022
In base 8, what is 132465 - 16?
132447
In base 5, what is -112001 - 13?
-112014
In base 12, what is 2a4b - -13?
2a62
In base 3, what is -11 + -112021100002?
-112021100020
In base 12, what is -55185 + -12?
-55197
In base 7, what is -21603 - 1102?
-23005
In base 10, what is -1735 - 517?
-2252
In base 13, what is 4 + 13520?
13524
In base 2, what is 101000110001000